1
Let z(b) = -b**2 + b + 46. Let r be z(-6). Suppose 4968 = 4*d + 5*j, 0 = r*j - 4 + 20. What are the prime factors of d?
29, 43
Let w = 17 - 12. Suppose w*j = -j - 12. What are the prime factors of (-3 - (j + 0))/((-3)/9)?
3
Suppose 716*r - 715*r = 2*t + 37488, 187497 = 5*r + 9*t. List the prime factors of r.
2, 3, 2083
Let o = 784 + 852. What are the prime factors of o?
2, 409
Suppose 42*z - 49*z + 92939 = 0. List the prime factors of z.
11, 17, 71
Let t be (-4)/18 - 137740/(-180). Let x = 1169 - t. List the prime factors of x.
2, 101
Let h be (-5)/((-210)/17994) + 6/(-14). Let v = 878 - h. What are the prime factors of v?
2, 3, 5
Let v(d) = -d**3 + 18*d**2 + 40*d + 20. Let x be v(20). Let l be 5/x - (-7)/4. Suppose z = -l*a + 4*a + 98, a = -2*z + 181. List the prime factors of z.
2, 23
Suppose -k - 2*k - 165 = 0. Let b be (-25)/(-75)*21*12/(-14)*-3. Let v = b - k. What are the prime factors of v?
73
Suppose -5*y + 7*v - 8*v = -15, 4*v = -3*y + 9. Let p be (3/(-9))/((-1)/147). Suppose 0*w + 3*w - 27 = 3*x, -p = -5*w + y*x. List the prime factors of w.
11
Let m be 18*7*(-2)/(-42). What are the prime factors of ((-346)/1)/(m/(-9))?
3, 173
What are the prime factors of 61163/((-25)/(275/(-11)))?
31, 1973
Let b(d) = -10*d + 90. Let q be b(9). Suppose -2*s - 2*j + 1132 = q, -4*s + j + j + 2258 = 0. What are the prime factors of s?
5, 113
Let o(y) = 2*y**2 - 9*y + 12. Let j be o(2). Let x(m) = j*m + 115 - 58 - 5*m + 13*m. What are the prime factors of x(6)?
3, 13
Let s = 217 + 244. Let p = s - 318. List the prime factors of p.
11, 13
Let m = 8 - 10. Suppose 0 = -3*t - 1052 + 860. List the prime factors of ((-283)/m)/((-32)/t).
283
Let m(c) = 100*c - 53. Let f(t) = 2*t**2 - 34*t + 5. Let q be f(17). List the prime factors of m(q).
3, 149
Suppose -4*a + 5*x + 121 = -63, x = -4. Let n = -72 - -39. Let i = n + a. List the prime factors of i.
2
Let j(q) = -3*q**2 + 3*q + 10. Let r(v) = 9*v**2 - 8*v - 30. Let h(c) = 17*j(c) + 6*r(c). Let z be h(5). Suppose -41*o + z = -40*o. List the prime factors of o.
2, 5
Let a = -228 + 142. Let h = 6 - a. Suppose -4*r = 3*y - 299, -r + 0*r + 5*y + h = 0. What are the prime factors of r?
7, 11
Let j(m) = -5*m + 10*m + 7*m**2 - 16 + 20 + 2*m - 6*m**3. List the prime factors of j(-4).
2, 59
Suppose 3*o = -2*q - 7, 5*q + 8 = 2*o - 0*q. Let m be 15/(1*o/(3 - 2)). List the prime factors of 1/(-3) - (-6 + 725/m).
2, 3
Suppose -84*i + 460508 + 1332388 = 0. What are the prime factors of i?
2, 23, 29
Let g(z) = 2*z + 68. Let c be g(-27). Suppose -8*m = c*m - 11484. What are the prime factors of m?
2, 3, 29
Suppose 47*u = 41*u + 5058. Suppose 6*l = u + 393. List the prime factors of l.
2, 103
Suppose 4*r - 2*q = 526, -448 - 81 = -4*r + 3*q. Suppose -670 + 250 = -30*h. Let m = h + r. List the prime factors of m.
2, 3
Let u(d) be the first derivative of 33*d**2/2 + 3*d + 7. Let w be u(-15). List the prime factors of 3/(-15) - w/10.
7
Let w = -13894 - -33687. What are the prime factors of w?
19793
Suppose 13*d = -4*y + 9*d + 3476, 3*y - 3*d = 2619. List the prime factors of y.
13, 67
Suppose 3*g = -a + 11, -5*g - 3*a = -12 - 9. What are the prime factors of 470 - (g/(0 - 1) - -3)?
2, 5, 47
Suppose 0 = -469*z + 6931796 + 982110. List the prime factors of z.
2, 11, 13, 59
Let m be (-2 - -2) + (12 - 10). Suppose -m*b - 4*z + 600 = 0, 4*b + 294 = 5*b + 4*z. Let h = 443 - b. List the prime factors of h.
137
Let u(o) = 2*o**2 + 17*o + 20. Let n be u(-12). Suppose 1399 = 4*m + 4*i + 359, -2*i - 775 = -3*m. Let v = m - n. What are the prime factors of v?
5, 31
Suppose 521430 = 118*b - 261972. What are the prime factors of b?
3, 2213
Let p = 231 + -221. What are the prime factors of ((-838)/p)/((-17)/85)?
419
Suppose -3*v + 24 = -6. Suppose 0*m - v = 5*m. What are the prime factors of ((-130)/(-20))/(1 - m/(-4))?
13
What are the prime factors of (-8)/((3/30 - 1645698/231780) + 7)?
2, 3863
Let i(t) be the second derivative of -9*t**3/2 + 11*t**2/2 + 5*t. Let u be i(-8). Suppose 0 = 6*g - 355 - u. List the prime factors of g.
97
Suppose -14 = -3*q + 37. Suppose q - 239 = -3*k. List the prime factors of k.
2, 37
Let c = -891 - -889. What are the prime factors of (-5352)/(-12) + (c - -3)?
3, 149
Let f = -844 + 828. List the prime factors of f/44*(-42152)/16.
2, 479
Let v = 178 + -172. Suppose 6 = 3*p - v, -3*c - p = -439. What are the prime factors of c?
5, 29
Let s = 109 + -107. Suppose -4*g - 3*m = -3155 - 3720, -s*g - m = -3439. List the prime factors of g.
1721
Let w(t) = 148*t**2 - 28*t - 55. Let c be 36/9 - (0 + (-12)/(-2)). List the prime factors of w(c).
593
Suppose -33*k + 56529 + 26664 = 0. List the prime factors of k.
2521
Suppose -2*p - 192 = -5*p. Suppose 17*k - 1339 + p = 0. List the prime factors of 362/6 - k/(-45).
2, 31
Let a = 29 - 767. Let y = a - -1383. List the prime factors of y.
3, 5, 43
Let s = 43 + -43. Suppose -y + 2*a + 14 = 0, 2 = -2*a - s*a. Suppose y*r + 73 = 13*r. What are the prime factors of r?
73
Suppose 9 = 3*f - 0*q - q, 2*f = 4*q + 16. Suppose -3*z = -h + f*h - 259, 3*h + 3*z = 759. What are the prime factors of h?
2, 5
Let i(q) = 67*q**2 - 5*q + 3*q + 0*q - 1. Let s(h) = -h**3 + 10*h**2 + 16*h - 56. Let b be s(11). List the prime factors of i(b).
2, 17
Let s = -55 - -62. Let c(x) = 3*x**2 + 7*x + 22. Let f be c(s). Let o = -136 + f. List the prime factors of o.
2, 41
Let p be (-3 + 1 - -3)*(-9 + -4). Let j = 18 + p. Suppose 2*z = 4*z + j*h - 129, -5*z + 235 = -5*h. List the prime factors of z.
2, 13
Let f be (-20)/(-35) + 5955/(-21). Let a = f - -588. List the prime factors of a.
5, 61
Let a(b) be the first derivative of 19 + b - 89/2*b**2. List the prime factors of a(-1).
2, 3, 5
Suppose 29*k - 136824 = -18707. List the prime factors of k.
4073
Let t = -4722 - -6749. What are the prime factors of t?
2027
Let u be (16/(-12))/(6/(-27)). Let q(r) = u*r**2 + 3*r**2 + 15*r - 8*r**2 + 17 + 4*r. What are the prime factors of q(-21)?
59
Suppose -11*y + 21*y - 620158 = -4*y. List the prime factors of y.
11, 4027
Let m = 17539 + 14909. What are the prime factors of m?
2, 3, 13
Let w(g) = -124*g**3 + g**2 + 23*g + 64. List the prime factors of w(-5).
2, 3, 2579
Suppose -3*i = y - 4187, 7*i - 6*i - 1374 = 4*y. Suppose -i = -3*s - n, 2*s - 4*n - 911 = -n. What are the prime factors of s?
463
Let h(w) = 519*w + 58. Let c be h(2). Suppose 16*f = 8*f + c. List the prime factors of f.
137
Suppose 4*u + 3*u - 434 = 0. Let c = 279 + u. What are the prime factors of c?
11, 31
Suppose -506 + 29581 = 3*h - j, j - 29077 = -3*h. List the prime factors of h.
2, 2423
Suppose o - 490 = -3*a + 24990, 33964 = 4*a - o. What are the prime factors of a?
2, 11, 193
Let v be (149/5 + -1)*675/30. Let i = -314 + v. List the prime factors of i.
2, 167
Let a be (-249)/(-9) - 1/(-3). Let w be -18*((-208)/a + (-6)/(-14)). Let h = w - 44. What are the prime factors of h?
2, 41
Let u(p) = 128*p**2 - 525*p + 2096. List the prime factors of u(4).
2, 7, 73
Suppose 54 = -5*r + 374. Suppose 0*i - 8 = -4*i. Suppose -3*k = 6, -i*k - r = -2*l - k. List the prime factors of l.
31
Let r(x) = x - 25. Let m be r(22). Let i be (-2 - m)*-1 + 220 + 2. Suppose 4*f - i = 2*f - o, -334 = -3*f - 2*o. What are the prime factors of f?
2, 3
Suppose -4*p = p - 1565. Let a(y) = -516*y + 2969. Let j be a(6). Let s = j + p. What are the prime factors of s?
2, 3, 31
Let m(d) be the first derivative of -59*d**2/2 - 5*d + 1. What are the prime factors of m(-6)?
349
Suppose -a - k - 11 = k, k = -5. Let w be (-8)/2 - a - -3. Suppose o + c - 132 = 0, w = 4*o + c - 237 - 303. List the prime factors of o.
2, 17
Let d be -5 - (-1 + 1)/5. Let r(b) = 2*b**2 + 8*b - 6. Let k be r(d). Suppose -397 = -2*n + o, -406 = -2*n + 8*o - k*o. List the prime factors of n.
197
Let s(a) = -11 - 25*a + 1 - 1 - 2. List the prime factors of s(-15).
2, 181
Let v = 15163 + -6130. List the prime factors of v.
3, 3011
Suppose -452712 = -130*k + 118*k. List the prime factors of k.
2, 13, 1451
Let x be -6 - 5*(21/(-15) - -1). What are the prime factors of (-8676)/(-15) + x/10?
2, 17
Let y(v) = -v + 10. Let x be y(-5). Let q(g) = 3*g**2 - 33*g - 36. Let r be q(x). Suppose -r = -4*s + 516. List the prime factors of s.
3, 5, 11
Let k = 47 + 300. Suppose 3*s + k = 1238. What are the prime factors of s?
